, -3*z - 3*w + 48 = 0. Suppose -16*v - 52 = -z*v. What is the units digit of v?
2
Let h(s) = s**3 + 16*s**2 + 10*s + 29. What is the units digit of h(-9)?
6
Suppose -47*w - 2694 = -48*w. What is the units digit of w?
4
What is the hundreds digit of 922/6*(-21)/7*-3?
3
Let y be 1 - 25/5 - 23. Let m = -12 - y. What is the tens digit of m?
1
Let i(j) = -5*j - 17. Suppose 0 = 4*f - a + 15, 3*a + 0 = 4*f + 5. What is the units digit of i(f)?
8
What is the hundreds digit of 2507/4 + -6 + 1/4?
6
Let z = 98 - 34. What is the tens digit of z?
6
Let a(l) = l**3 - 24*l**2 + 27*l - 28. Let g be a(22). Let o = 693 + g. What is the units digit of o?
1
Let x be 2/6 + 4/(-12). Suppose -4*s + s = x. Suppose -2*h + 4 - 2 = s. What is the units digit of h?
1
Suppose u = 5*f - 0 + 1, -5*f = 3*u - 43. Suppose -u*m + 2*m + 360 = 0. What is the tens digit of m?
4
Let o = 28 - 16. Let c(a) = 19*a - 24. Let w be c(o). What is the tens digit of 2*4/(32/w)?
5
Let m = 57 - 54. What is the tens digit of m/(32/112 - 23/105)?
4
Let v(t) = -5*t - 1. Let i be v(-1). Suppose 5*a - 4 + 14 = 0. What is the tens digit of 100/i + 4/a?
2
Let r be 33 + (-4)/(-2) + 0. What is the units digit of ((-110)/r)/((-4)/14)?
1
Let y = 19 + -17. Suppose -6*p = 2*z - p + 1, 2*p + y = 0. Suppose -z*v + 2*h = -4*v + 64, -44 = -v + 2*h. What is the units digit of v?
6
Let s be 15/(-2) - (-66)/(-44). What is the units digit of (-623)/s + (-2)/9?
9
Let i be (2 - (-175)/10)/((-1)/(-4)). What is the tens digit of 4147/i - 1/6?
5
Let j = 34 + -25. Suppose -2*b = 2*k + 5 + 1, 0 = -3*k + 3*b + j. Let l(m) = -3*m + 35. What is the units digit of l(k)?
5
Let z(o) = -o**2 - 3*o - 2. Let g be z(-1). Suppose 4 = 4*l - 4*a - g, -a = -4*l + 13. Let v = l - -5. What is the units digit of v?
9
Let w = 869 - 55. Suppose -19*y + w = -8*y. What is the tens digit of y?
7
Suppose -p = 2*p - 117. Suppose -20*g + 132 - 472 = 0. Let q = g + p. What is the units digit of q?
2
Let r = -7 - -22. Let l be (-96)/(-15) - 6/r. What is the tens digit of 0 - -44 - (l - 2)?
4
Suppose -3*i + 3*j = 12, 0 = 4*i - 5*i + 5*j - 24. What is the units digit of 30/i + 12 + -14?
8
Suppose -41*a + 3*a = -35872. What is the hundreds digit of a?
9
Let q be 1 + 2 - 0/(-2). Let p(y) = -4*y + 3. Let h be p(q). What is the tens digit of 2/h + 407/9?
4
What is the thousands digit of 1/15 + 1262736/810?
1
Let w(p) = 277*p + 248. What is the units digit of w(14)?
6
Let b = -63 - -37. Let s be (87/9)/(2/12). Let j = s + b. What is the units digit of j?
2
Let h(f) = 19*f**2 - f + 3. Let i(k) = -39*k**2 + 3*k - 6. Let y(r) = -5*h(r) - 3*i(r). What is the tens digit of y(2)?
8
Let j = -388 - -774. What is the tens digit of j?
8
Suppose -2*b + 44*b = 5670. What is the tens digit of b?
3
Suppose -4*w + 4 = 0, -2*w - 2432 = -5*x + 101. What is the tens digit of x?
0
Let a(u) = -36*u + 16. What is the units digit of a(-3)?
4
Suppose 0*t - 12*t = 0. Suppose t = -3*g + 6, -2*m + 0*g = 4*g - 90. What is the tens digit of m?
4
Let w = 6 + -2. Suppose 2*s - 4*s + 104 = 5*n, -10 = -n - w*s. Suppose y = -y + n. What is the tens digit of y?
1
Let g = -8 + 13. Let j = g - 11. What is the tens digit of (-216)/(-15) + j/(-10)?
1
Let v be 2/(-10)*(-5 - -5 - 65). Suppose 2025 = -4*g + v*g. What is the hundreds digit of g?
2
Suppose i - 5*a + 3*a - 1 = 0, 5*i = 3*a - 16. Let p = i + 10. Suppose -p*l + 5*u = -55, 0*l + 36 = 3*l - 2*u. What is the units digit of l?
4
Let s be (-11 - -10)*(-1 - 2). Suppose 73 = s*c - 4*g, -5*c + 3*c + 60 = 3*g. Let j = c + -8. What is the tens digit of j?
1
Let t(v) = 26*v**2 - v - 18. Let l be t(-5). Suppose -3*y + l = 4*i - 2, -5*y + 25 = 0. What is the tens digit of i?
5
Let p(q) = q. Let w(b) = -b**2 + 7*b + 16. Let m(r) = 3*p(r) - w(r). What is the units digit of m(-6)?
4
Let y(d) = d**3 - 8*d**2 - 4*d + 11. Let u be y(10). Let o = u - 81. Suppose -2*f - o = -5*f. What is the units digit of f?
0
Let g = -824 + 825. What is the units digit of g?
1
Let m = 230 - -423. What is the units digit of m?
3
Let y = 5 + -1. Suppose -2*d - 18 = -3*d. Suppose t + d = y*t. What is the units digit of t?
6
What is the hundreds digit of (-129944)/(-124) - 82/(-1271)?
0
Let t be 1*(-52)/(-2)*1. Suppose 0 = 5*d - k + 29, 4*k - t = 3*d + 2*d. Let y = d + 12. What is the units digit of y?
6
Suppose -141740 = 18*j - 94*j. What is the thousands digit of j?
1
Suppose 5*k + 15 = 0, 10*p + 2*k = 5*p + 174. Let h(c) = -c**2 - 7*c - 3. Let w be h(-7). What is the units digit of p - (-1 - 0/w)?
7
Let r = 49 - 54. What is the units digit of (112 + -1)*r*(-6)/45?
4
Suppose 5*w - c - 26 = 0, -w - 2*w = -4*c - 19. Suppose -29 = 3*t + w*y, -4*t - y = t + 19. What is the units digit of t/(-6)*-8 + 58?
4
What is the units digit of ((-6)/(-3 + 6))/((-2)/387)?
7
Suppose q = 6*q - 2*l - 3397, -5*q = -3*l - 3393. What is the tens digit of q?
8
Let n be (30/(-8))/(9 - (-7492)/(-832)). Let d = n + -507. What is the hundreds digit of d?
2
Let j = -32 + 36. Suppose j*i - 3*b + 8*b = 985, 2*b = 3*i - 710. What is the tens digit of i?
4
Let a(n) = n**3 - 2*n**2 - 2*n + 17. Let v be a(4). Suppose 5*i - v - 414 = 0. What is the units digit of i?
1
Let k(x) be the third derivative of x**5/60 + 3*x**4/8 + 11*x**3/6 - 2*x**2. Let q be k(-8). What is the tens digit of 5 + 8 - (q - 1)?
1
Let i be 2/7 + (3 - 484/28). Let m(v) = -v**2 - 23*v - 7. What is the units digit of m(i)?
9
Let a(p) = 5*p**2 + p - 1. Let c be a(1). Suppose 9 = c*f - 1. Suppose -2*b + 0*v = 3*v - 31, f*b - 5*v = -9. What is the units digit of b?
8
Let r = 2 - 8. Let x be -147*((-10)/r)/(-5). Suppose f = -u + 25, -2*f + 0*u - u = -x. What is the tens digit of f?
2
Let r(g) = 2*g + 33. Suppose -5*y - q = 68, 2*q - 46 = y + 2*y. What is the units digit of r(y)?
5
Let f(u) = -u - 4 + 5 + 5 + 6. What is the units digit of f(8)?
4
Let n = -1010 - -1434. What is the tens digit of n?
2
Let y = 2922 + -1565. What is the thousands digit of y?
1
Let r = -24 - -59. What is the tens digit of 760/r - 8/(-28)?
2
Let l(j) = -j**2 + 4. Let m be l(-4). What is the units digit of (-46)/m + (-18)/(-108)?
4
Suppose 4*x = -5*h + 67, -4*h - h - 3*x + 69 = 0. Let j(t) = 3*t**2 - 16*t + 5. Let w be j(5). Let d = h - w. What is the tens digit of d?
1
Let a(n) = -4*n**3 + 10*n**2 + 39*n + 24. What is the tens digit of a(-8)?
0
Let f(q) = 202*q - 51. What is the hundreds digit of f(7)?
3
Suppose 0 = -5*w - 4*s - 39, 3*s - s + 16 = -2*w. Let a = 31 - w. What is the units digit of a?
8
Let r be 1/((20/(-44))/5). Let s = r + 11. Suppose -5*m + 7*m - 94 = s. What is the tens digit of m?
4
Let c(o) = o**3 + 3*o**2 - 5*o - 6. Let r be c(-4). Let f be r/3 + 11/3. Suppose -62 = -2*d + f*a, a = -3*d + 37 + 34. What is the tens digit of d?
2
Suppose 0 = 10*l + 173 - 24323. What is the units digit of l?
5
Let f(p) = 85*p**3 + 5*p**2 - 6*p + 3. What is the hundreds digit of f(2)?
6
Suppose q = -2, -5*q + 0*q = -c - 160. Let o = -52 - c. What is the tens digit of o?
1
Let n = -60 - -156. Suppose 3*g - 11*g = -n. What is the tens digit of g?
1
Let l(t) = -t - 1. Let g be l(-4). Suppose 0 = 2*k + a - 2, k + g*a - 7*a = 19. Suppose -u + 3*r - 12 = 0, u + 4*r = -k*u + 32. What is the units digit of u?
3
Let k = 181 + -301. Let j = k + 217. What is the units digit of j?
7
Let w be -2*1/6 - 154/(-21). Let r(v) = 13*v + 3. What is the units digit of r(w)?
4
Suppose 0 = -3*c + 5*b + 4, -5*c + 6*b = 3*b - 12. What is the tens digit of ((-452)/10)/(c/(-15))?
2
Let t(i) = -2 - 4 + i**2 + 3 - i. Let k be t(3). Suppose 2*p + k*g = 84, p + 2*p + 2*g - 131 = 0. What is the units digit of p?
5
Suppose 22*r = 21*r. Suppose j - 39 - 3 = r. What is the units digit of j?
2
Suppose -19 = 3*j - 5*t, 3*t = 2*j + 11 + 1. What is the units digit of 2/j - 544/(-6)?
0
Let n(u) = -u**3 + 5*u**2 - 2*u - 4. Let v be n(4). Let a(s) be the third derivative of s**5/30 - s**4/12 + s**3/2 - 41*s**2. What is the tens digit of a(v)?
2
Suppose -3*q - 5*a + 27 = 0, 3*q + 5 - 2 = 5*a. Suppose 4*d + q + 4 = 0. What is the units digit of (-50)/d + (-2 - -1)?
4
Let x(a) = a**3 + 4*a**2 + 2*a - 6. Let i be x(4). Suppose -5*m + i = -5*z, z + 3*z = m - 29. What is the tens digit of m?
2
Let v(a) = a**3 + 5*a**2 + 1. Let f be v(-5). What is the hundreds digit of (2 - 1)*163/f?
1
Suppose -4*r + d = -